295a9
In base 6, what is -1333522 - 1?
-1333523
In base 6, what is 12 - -15421?
15433
In base 15, what is -1751 + -b?
-175c
In base 15, what is -d28 + ac?
-c6b
In base 9, what is -52443 + 2?
-52441
In base 5, what is 103012 + 110?
103122
In base 10, what is 76672 + 2?
76674
In base 9, what is -288 + 20401?
20102
In base 12, what is 2518 - -1b2?
270a
In base 4, what is 0 - -1023202?
1023202
In base 12, what is -1 - 305b32?
-305b33
In base 10, what is 123 - 2344?
-2221
In base 9, what is -4 + -258841?
-258845
In base 13, what is 0 + -16b8?
-16b8
In base 11, what is 3 + -35680?
-35678
In base 10, what is 4 - 2087?
-2083
In base 4, what is -1 - -20012130?
20012123
In base 12, what is 709 - -7a?
787
In base 6, what is 520 + -43043?
-42123
In base 14, what is -903 + 16?
-8cb
In base 10, what is -6084 + 10?
-6074
In base 13, what is 38330 - 2?
3832b
In base 16, what is 0 + 1c68?
1c68
In base 14, what is -7 - 30caa?
-30cb3
In base 2, what is 10110111 + 1011000000111?
1011010111110
In base 5, what is 4 + -14442?
-14433
In base 11, what is -112 + 11a?
8
In base 3, what is -22120212 - -1011200?
-21102012
In base 13, what is -1a9752 - -2?
-1a9750
In base 2, what is 10 + -10100010010111000001?
-10100010010110111111
In base 4, what is 132120 - -1?
132121
In base 5, what is -1 + -41220212?
-41220213
In base 11, what is 3 - -318209?
318211
In base 11, what is 13 - 127820?
-127808
In base 5, what is 430144 + 13?
430212
In base 12, what is -12 + 916?
904
In base 15, what is -23 + -558?
-57b
In base 11, what is 7 - -221153?
22115a
In base 12, what is -8813 + 5?
-880a
In base 5, what is 1203104204 - 2?
1203104202
In base 4, what is 2 + -110203?
-110201
In base 15, what is 115e1 + 0?
115e1
In base 9, what is 4 - 740285?
-740281
In base 8, what is -51 + 26115?
26044
In base 10, what is 2 + 109224?
109226
In base 2, what is -1111 + 1011110010100010000?
1011110010100000001
In base 12, what is 3 + 603?
606
In base 14, what is -1 + 6d85?
6d84
In base 8, what is -62 - 134735?
-135017
In base 4, what is -32202 + 130?
-32012
In base 12, what is -b1846 + 0?
-b1846
In base 13, what is -4960 + -9?
-4969
In base 8, what is -4 - 721201?
-721205
In base 2, what is 10000010 + -11100101?
-1100011
In base 15, what is 1a7a8 + 13?
1a7bb
In base 5, what is -12 + -4411430?
-4411442
In base 14, what is a90834 + -5?
a9082d
In base 9, what is -273 + 3436?
3153
In base 7, what is -123263 - 61?
-123354
In base 10, what is -1461 - 2532?
-3993
In base 13, what is 0 + -82580?
-82580
In base 3, what is 220212112 - -2022?
220221211
In base 5, what is 0 + -4132100?
-4132100
In base 13, what is 177 + 26c?
416
In base 16, what is -6 + 2487?
2481
In base 16, what is -1b7 + a0?
-117
In base 6, what is -3 - 5550124?
-5550131
In base 16, what is 4393f + -1e?
43921
In base 12, what is -13 - -571a?
5707
In base 15, what is e8765 + 5?
e876a
In base 11, what is 646 - 3?
643
In base 2, what is 11000 + 111001010?
111100010
In base 8, what is -3 + 10015?
10012
In base 7, what is 22402130 + 2?
22402132
In base 9, what is 4737 + 575?
5423
In base 7, what is -10 - -335026?
335016
In base 11, what is 18 - -608?
625
In base 14, what is -4 - -252?
24c
In base 4, what is 102110 + -2012?
100032
In base 4, what is -220021201 - -11?
-220021130
In base 11, what is 1 + -102a10?
-102a0a
In base 5, what is 1 + -212304444?
-212304443
In base 14, what is 1b9 + -20dc?
-1d23
In base 13, what is a2 - -2b45?
2c17
In base 3, what is -1210102210 - -1?
-1210102202
In base 14, what is -3051 - 7?
-3058
In base 6, what is 1123 + 5055?
10222
In base 9, what is -16740 + -17?
-16757
In base 9, what is 28 + -1838?
-1810
In base 15, what is 3 - -9a1?
9a4
In base 13, what is 5 + -35?
-30
In base 7, what is 1610 - 3140?
-1230
In base 11, what is 315 + -238?
88
In base 15, what is 0 - c54d?
-c54d
In base 3, what is -10211221012 - 1?
-10211221020
In base 7, what is -23 - -11?
-12
In base 10, what is 307333 - -4?
307337
In base 15, what is -742 + -41?
-783
In base 13, what is 7c - 4735?
-4686
In base 16, what is 5614 + c?
5620
In base 6, what is 343153 - 205?
342544
In base 2, what is 101101010101001011 - 1001?
101101010101000010
In base 16, what is -2 - 3cdb?
-3cdd
In base 7, what is 2 + -125261?
-125256
In base 16, what is -8052 - 2?
-8054
In base 6, what is 50 + -432223?
-432133
In base 13, what is a - 865?
-858
In base 15, what is 2 + 1a42e8?
1a42ea
In base 10, what is 1037588 - 5?
1037583
In base 3, what is -2022111 + 1011?
-2021100
In base 15, what is -2ce + -3d6?
-6b5
In base 16, what is -19da + 23?
-19b7
In base 10, what is 6 + 8594?
8600
In base 2, what is -10110110000 - 0?
-10110110000
In base 12, what is 3 + -b986?
-b983
In base 11, what is 1115938 + -3?
1115935
In base 5, what is 212214130 + 1?
212214131
In base 9, what is -12 + -250331?
-250343
In base 6, what is 245205 + 12?
245221
In base 5, what is 212110 + 1?
212111
In base 3, what is 1212 + 1112000?
1120212
In base 7, what is 6 + 2062131?
2062140
In base 5, what is -4323 + -10003?
-14331
In base 13, what is 279 + 57?
303
In base 7, what is -1303465 + -30?
-1303525
In base 15, what is 567 + -2?
565
In base 4, what is 1033013 - -1011?
1100030
In base 10, what is 1 - -364967?
364968
In base 9, what is 33 + -2001?
-1857
In base 13, what is -7c9 + -460?
-c59
In base 8, what is -12626 + -3?
-12631
In base 4, what is 23123112 - -11?
23123123
In base 6, what is 20553 - -31?
21024
In base 16, what is 76e - -ae?
81c
In base 15, what is 95c + -3?
959
In base 7, what is -2150314 - -3?
-2150311
In base 14, what is -56 - 95?
-10b
In base 6, what is -25443 + 22?
-25421
In base 13, what is 424 - 567?
-143
In base 6, what is 13 - 5544?
-5531
In base 16, what is c421 - -d?
c42e
In base 14, what is d35d - -1?
d360
In base 6, what is 4313135 - 2?
4313133
In base 5, what is 200102221 + 2?
200102223
In base 7, what is 42 - 501?
-426
In base 5, what is 43 - 244412?
-244314
In base 3, what is 10120012002 + 2?
10120012011
In base 6, what is -5 + -433522?
-433531
In base 6, what is 12223 - -20100?
32323
In base 9, what is -4050 + -523?
-4573
In base 13, what is 3 + 13b613?
13b616
In base 5, what is 44301 + 4?
44310
In base 11, what is 9 + 4853a?
48548
In base 8, what is -3 + 2505?
2502
In base 8, what is -6454 + -131?
-6605
In base 12, what is 5 + -b04a?
-b045
In base 7, what is 233022 - -1?
233023
In base 4, what is -3 - 2233033?
-2233102
In base 4, what is 32 + 12332?
13030
In base 6, what is -1 - 225444?
-225445
In base 3, what is -120201010 - -100022?
-120100211
In base 3, what is -12022220 - -11102?
-12011111
In base 3, what is -12200122121 - 202?
-12200200100
In base 12, what is b1b7 - 1?
b1b6
In base 11, what is -5840 + 90?
-5760
In base 14, what is 4a21 + 1?
4a22
In base 16, what is -3 + 214e?
214b
In base 16, what is -c4 + -2b?
-ef
In base 16, what is -102 + 74?
-8e
In base 16, what is d2d - -18d?
eba
In base 4, what is -301223131 + -101?
-301223232
In base 15, what is 3d2 - 6?
3cb
In base 10, what is -4 + -113470?
-113474
In base 13, what is 427 + -3a?
3ba
In base 8, what is 11 + -245?
-234
In base 11, what is -2 - 113310?
-113312
In base 8, what is -347 - -150?
-177
In base 7, what is 4536313 - 3?
4536310
In base 2, what is 10000111100 - -11011?
10001010111
In base 7, what is -23452 - 401?
-24153
In base 10, what is -302 + 23724?
23422
In base 5, what is -2 - -234030?
234023
In base 16, what is 63 + -cac?
-c49
In base 5, what is -22 - 42212012?
-42212034
In base 8, what is 5130232 - 1?
5130231
In base 6, what is -1235 - -2123?
444
In base 8, what is -1 - 531123?
-531124
In base 2, what is -1101101111101 - 1101?
-1101110001010
In base 7, what is 2 + -61133?
-61131
In base 16, what is 5 + a1e7?
a1ec
In base 2, what is -110000 + 11101001?
10111001
In base 8, what is -4 + 712145?
712141
In base 14, what is -8171 + 30?
-8141
In base 3, what is 100200000 + 10?
100200010
In base 2, what is 101 - -101000010011011110?
101000010011100011
In base 6, what is 545212 - 31?
545141
In base 3, what is 12002201 - 20012?
11212112
In base 9, what is -1271505 - -3?
-1271502
In base 11, what is 785a + 2?
7861
In base 12, what is 5 + -20405?
-20400
In base 14, what is 7b31c - c?
7b310
In base 11, what is 21a55 - 8?
21a48
In base 9, what is 465531 + -1?
465530
In base 9, what is 85 + 1367?
1463
In base 14, wh